{"id":5829,"date":"2026-04-16T16:52:47","date_gmt":"2026-04-16T16:52:47","guid":{"rendered":"https:\/\/kathinkasonneborn.de\/wordpress\/wordpress-kathinka\/?page_id=5829"},"modified":"2026-04-17T08:32:11","modified_gmt":"2026-04-17T08:32:11","slug":"tre","status":"publish","type":"page","link":"https:\/\/kathinkasonneborn.de\/wordpress\/wordpress-kathinka\/index.php\/tre\/","title":{"rendered":"TRE\u00ae"},"content":{"rendered":"\n<h1 class=\"wp-block-heading has-text-color has-link-color wp-elements-75951355db8c3a7127edb4efd44e8710\" style=\"color:#b89a7f\">TRE\u00ae<\/h1>\n\n\n\n<p class=\"has-text-color has-link-color wp-elements-1b7c68639015304ebd657d947dc12fc0\" style=\"color:#b89a7f\"><strong>Tension and Trauma Releasing Exercises<\/strong><br><strong>nach Dr. D. Berceli<\/strong><\/p>\n\n\n\n<p class=\"has-text-color has-link-color wp-elements-f375a4a3fc057d8ac727643c18dae5f4\" style=\"color:#b89a7f\"><strong>Kennst du das:<\/strong><\/p>\n\n\n\n<ul class=\"wp-block-list\">\n<li class=\"has-text-color has-link-color wp-elements-6700df188b70ebf3e2d22d248fad8a81\" style=\"color:#b89a7f\"><strong>Dauerhaft gestresst sein?<\/strong><\/li>\n\n\n\n<li class=\"has-text-color has-link-color wp-elements-3bab4848cd15033f3d0e0e94f90085c9\" style=\"color:#b89a7f\"><strong>Schwierigkeiten, Dich zu regulieren?<\/strong><\/li>\n\n\n\n<li class=\"has-text-color has-link-color wp-elements-c71b9a866ecd9c6c1598f40628a188d9\" style=\"color:#b89a7f\"><strong>Das Gef\u00fchl st\u00e4ndig unter Strom zu stehen und leicht getriggert zu werden?<\/strong><\/li>\n\n\n\n<li class=\"has-text-color has-link-color wp-elements-ca8e1df700fb8364368d7f88e70b57ac\" style=\"color:#b89a7f\"><strong>Anspannung, die sich einfach nicht l\u00f6st?<\/strong><\/li>\n\n\n\n<li class=\"has-text-color has-link-color wp-elements-4cf8879e01d6ddad35386e41200ace24\" style=\"color:#b89a7f\"><strong>Schwierigkeiten in den Schlaf oder in die Ruhe zu finden?<\/strong><\/li>\n<\/ul>\n\n\n\n<p class=\"has-text-color has-link-color wp-elements-b00e76b175ce66029e573541b7444aa9\" style=\"color:#b89a7f\"><strong>Lerne TRE\u00ae kennen in einem Paket von 3 Sitzungen, um es danach selbst\u00e4ndig zu Hause anwenden zu k\u00f6nnen.<\/strong><\/p>\n\n\n\n<p class=\"has-text-color has-link-color wp-elements-867a49880857af0a4642c762c5495aca\" style=\"color:#b89a7f\">TRE\u00ae ist eine rein k\u00f6rperliche Entspannungstechnik, die der Selbstregulation des Nervensystems dient. Es tr\u00e4gt dazu bei, Spannungszust\u00e4nde zu l\u00f6sen, die aus akutem oder auch festsitzendem Stress, psychoemotionalen Erfahrungen oder auch k\u00f6rperlichen Traumata wie Unf\u00e4llen oder Operationen resultieren.<\/p>\n\n\n\n<p class=\"has-text-color has-link-color wp-elements-6a7b5798666fe1bdf6d480b93865f5a2\" style=\"color:#b89a7f\">Wir haben als Menschen eine angeborene F\u00e4higkeit, mit Stress, Herausforderung und traumatischen Erlebnissen umzugehen. Zur Regulierung kann der K\u00f6rper den sogenannten neurogenen Tremor, eine unwillk\u00fcrliche Bewegung die oft als Zittern erlebt wird, bereitstellen. Dadurch entspannen sich die unterschiedlichen Gewebestrukturen und es werden im K\u00f6rper abgelagerte Stresshormone abgebaut. Durch R\u00fcckkopplungsmechanismen zum zentralen Nervensystem findet Regulation statt.<\/p>\n\n\n\n<p class=\"has-text-color has-link-color wp-elements-646b7ae31b4fe21d9b4a5b48ceac6074\" style=\"color:#b89a7f\">In einer Sitzung wird der K\u00f6rper mit Hilfe von spezifischen \u00dcbungen vorbereitet und dann das neurogene Zittern auf eine bewu\u00dfte und kontrollierte Weise hervorgerufen. Im Fokus hierbei steht immer die F\u00e4higkeit der Person zur Selbstregulierung. Der K\u00f6rper entspannt sich und vervollst\u00e4ndigt unterbrochene Prozesse, was sich dann auf die emotionale und mentale Verfassung auswirkt. So k\u00f6nnen Qualit\u00e4ten wie Ruhe, Klarheit, Erdung oder Leichtigkeit wieder erlebt werden.<\/p>\n\n\n\n<p class=\"has-text-color has-link-color wp-elements-5d5af735e89dc8339d352ae658145a25\" style=\"color:#b89a7f\">Nachdem Du die \u00dcbungen und den Umgang mit dem neurogenen Tremor unter fachgerechter Anleitung erlernt hast, kannst du TRE\u00ae jederzeit selbst\u00e4ndig anwenden. So kann es auf eine nachhaltige und selbstwirksame Weise zu Deiner eigenen Praxis werden und dem Erhalt von Gesundheit und Wohlbefinden dienen.<\/p>\n\n\n\n<p class=\"has-text-color has-link-color wp-elements-51c78e009ac08e150d3a9a0a25a45bc2\" style=\"color:#b89a7f\"><strong>Ich biete ein Paket aus drei Sitzungen zum Erlernen von TRE\u00ae an:<\/strong><\/p>\n\n\n\n<p class=\"has-text-color has-link-color wp-elements-6af0f860b9a5cc32ce853bed68b0fb86\" style=\"color:#b89a7f\"><strong>1x 90 min \u00a0\u00a0\u00a0\u00a0\u00a0 Einf\u00fchrung und erstes Ausprobieren<\/strong><br><strong>2x 60 min\u00a0\u00a0\u00a0\u00a0\u00a0\u00a0 Folgesitzungen zum \u00dcben und Vertiefen<\/strong><\/p>\n\n\n\n<p class=\"has-text-color has-link-color wp-elements-61e85d5fbcf2ae35f08997c28f9a5370\" style=\"color:#b89a7f\"><strong>Preis insgesamt 285,-\u20ac inkl. MwSt<\/strong><\/p>\n\n\n\n<p class=\"has-text-color has-link-color wp-elements-6021b8bb9fcb25f6b84f38d71164a984\" style=\"color:#b89a7f\"><strong>F\u00fcr Gruppen ab 3 Personen 100,-\u20ac pro Person<\/strong><\/p>\n\n\n\n<p><\/p>\n","protected":false},"excerpt":{"rendered":"<p>TRE\u00ae Tension and Trauma Releasing Exercisesnach Dr. D. Berceli Kennst du das: Lerne TRE\u00ae kennen in einem Paket von 3 Sitzungen, um es danach selbst\u00e4ndig zu Hause anwenden zu k\u00f6nnen. TRE\u00ae ist eine rein k\u00f6rperliche Entspannungstechnik, die der Selbstregulation des Nervensystems dient. Es tr\u00e4gt dazu bei, Spannungszust\u00e4nde zu l\u00f6sen, die aus akutem oder auch festsitzendem &hellip; <a href=\"https:\/\/kathinkasonneborn.de\/wordpress\/wordpress-kathinka\/index.php\/tre\/\" class=\"more-link\">Continue reading <span class=\"screen-reader-text\">TRE\u00ae<\/span><\/a><\/p>\n","protected":false},"author":3,"featured_media":0,"parent":0,"menu_order":0,"comment_status":"closed","ping_status":"closed","template":"","meta":{"footnotes":""},"class_list":["post-5829","page","type-page","status-publish","hentry"],"_links":{"self":[{"href":"https:\/\/kathinkasonneborn.de\/wordpress\/wordpress-kathinka\/index.php\/wp-json\/wp\/v2\/pages\/5829","targetHints":{"allow":["GET"]}}],"collection":[{"href":"https:\/\/kathinkasonneborn.de\/wordpress\/wordpress-kathinka\/index.php\/wp-json\/wp\/v2\/pages"}],"about":[{"href":"https:\/\/kathinkasonneborn.de\/wordpress\/wordpress-kathinka\/index.php\/wp-json\/wp\/v2\/types\/page"}],"author":[{"embeddable":true,"href":"https:\/\/kathinkasonneborn.de\/wordpress\/wordpress-kathinka\/index.php\/wp-json\/wp\/v2\/users\/3"}],"replies":[{"embeddable":true,"href":"https:\/\/kathinkasonneborn.de\/wordpress\/wordpress-kathinka\/index.php\/wp-json\/wp\/v2\/comments?post=5829"}],"version-history":[{"count":11,"href":"https:\/\/kathinkasonneborn.de\/wordpress\/wordpress-kathinka\/index.php\/wp-json\/wp\/v2\/pages\/5829\/revisions"}],"predecessor-version":[{"id":5853,"href":"https:\/\/kathinkasonneborn.de\/wordpress\/wordpress-kathinka\/index.php\/wp-json\/wp\/v2\/pages\/5829\/revisions\/5853"}],"wp:attachment":[{"href":"https:\/\/kathinkasonneborn.de\/wordpress\/wordpress-kathinka\/index.php\/wp-json\/wp\/v2\/media?parent=5829"}],"curies":[{"name":"wp","href":"https:\/\/api.w.org\/{rel}","templated":true}]}}